Let s = 34 + 7. Suppose 4*b - n - 378 = 0, 3*b - 3*n = s + 247. What are the prime factors of b?
2, 47
What are the prime factors of 3/6*1*27232/16?
23, 37
Suppose -4*o + 1 = 3*v, 1 = 5*v + 3*o - 8. Suppose 15 - 57 = -v*u. Let m(h) = -h**3 + 13*h**2 + 17*h - 10. List the prime factors of m(u).
2
Let z(c) = c**2 - c. Let q(s) = 3*s**2 - 3*s + 24. Let g(w) = -q(w) + 4*z(w). List the prime factors of g(11).
2, 43
Let a(u) = -15*u - 16 + 6*u - 4*u**2 + 6*u**2. What are the prime factors of a(8)?
2, 5
Let t be ((-156)/(-28) + 3/7)/2. Suppose -657 = -4*z + t*i - 4*i, -z + 143 = -4*i. List the prime factors of z.
163
Let z = -139 - -453. List the prime factors of z.
2, 157
Let h(m) = m**3 - 23*m**2 + 29*m + 54. What are the prime factors of h(23)?
7, 103
Let z = 168 + -107. Let d = 79 - z. List the prime factors of d.
2, 3
Let i(g) be the first derivative of -2*g + 1/2*g**2 - 1/4*g**4 + 5/3*g**3 + 4. What are the prime factors of i(4)?
2, 3
Let m be (2 - (2 + -1))*(-7844)/(-37). Suppose 5*k - 1100 = -5*r, 2*k - 3*r + m = 3*k. List the prime factors of k.
2, 7
List the prime factors of (-40)/12*(-282)/4.
5, 47
Let j(g) = 92*g + 24. Let v be j(4). Let z = 612 - v. List the prime factors of z.
2, 5, 11
What are the prime factors of 7*((-1240)/(-35) + -6)?
2, 103
Let w(n) = -n**3 + 6*n**2 + 6*n + 7. Let g be w(7). Let l be -2 - (-153)/6 - 6/4. Suppose g*s = -s + l. What are the prime factors of s?
2, 11
Suppose r = 2*r - 14. Suppose 2*k = 6 + r. What are the prime factors of (-8)/k*(-5 + -30)?
2, 7
Let s(a) = -3*a**3 + 2*a**2 - 3*a - 16. List the prime factors of s(-5).
2, 53
Let q = -40 - -115. Suppose 0 = 5*c + 4*r - 383, -2*c + 5*r + 98 + q = 0. List the prime factors of c.
79
Suppose 0 = -6*j + 846 - 210. Let p = j - -37. What are the prime factors of p?
11, 13
Let o(v) = v**3 + v**2 + 4*v + 1002. Let k be o(0). What are the prime factors of k/4 + -6*1/(-12)?
251
Let c(z) = -z**3 + 28*z**2 + 44*z - 417. List the prime factors of c(22).
5, 691
Suppose -32*s + 1250 = -27*s. List the prime factors of s.
2, 5
List the prime factors of (3577/(-147))/(1 + 10/(-9)).
3, 73
Let l be 16/(-30)*(-6)/4*-5. List the prime factors of -209*((-1)/l + 15/(-12)).
11, 19
Let y(z) = 3*z**2 + 10*z - 11. Let r(t) = t**3 + t**2 + t - 2. Let x(a) = -6*r(a) + y(a). List the prime factors of x(-3).
2, 31
Let r = -482 - -1394. Suppose 16*w - r = 10*w. List the prime factors of w.
2, 19
Let n be 1/((-9)/(-12) + (-310)/424). What are the prime factors of n + 8/(-4) + -2?
7
Let y(v) = -10*v**3 + 2*v**2 - 3. List the prime factors of y(-3).
3, 5, 19
Let m(j) = -j**3 + 5*j**2 + 7*j - 3. Let c be m(6). Suppose -u = -c*i - 17, 5*u + 7 = -5*i - 8. Suppose -u*p + 150 = -0*p. What are the prime factors of p?
3, 5
Let a(m) = 72*m**2 - 1. Let g(o) = o**3 - 9*o**2 + 6*o + 10. Let t be g(8). Let z be 7 + -9 + t/(-2). What are the prime factors of a(z)?
71
Let p be 0/1 + (-44)/(-11). Suppose -132 = 4*s + p. What are the prime factors of -2 - ((2 - -1) + s)?
29
List the prime factors of 74 - (-2 + 7 - (-4)/(-2)).
71
Let a(p) = p**3 - 2*p**2 + 5*p - 2. Let v(g) be the third derivative of -g**5/60 - g**4/24 - g**2. Let k(o) = a(o) + 3*v(o). What are the prime factors of k(5)?
2
Let i(q) = q**2 + 5*q - 10. Let p be i(-11). Let a be (-4)/6 - p/(-12). Suppose 43 - 187 = -a*g. List the prime factors of g.
2, 3
Suppose 7 = 2*r - 5. Let u be (-2)/(-4)*(r + 0). Suppose -2*t - t = -2*z - 106, 0 = -u*t + 5*z + 94. List the prime factors of t.
2, 19
Let t = 1828 - 1290. What are the prime factors of t?
2, 269
Let c = 19 + -9. Suppose 4*o + 2 = c, -3*v + 3*o = -36. Suppose 3*w - u + 63 = 5*w, -w - 4*u + v = 0. What are the prime factors of w?
2, 17
Let h(d) = 28*d - 1. Let g be h(2). Suppose -4*o + 7 = g. Let l = 25 + o. List the prime factors of l.
13
What are the prime factors of (-4)/(-8)*61*172 - 2?
2, 3, 19, 23
Suppose -h + 3*h = 20. Suppose -2*z + h = 2. Let o = z - -19. List the prime factors of o.
23
Suppose -8*z = -15*z + 21. Suppose 0 = -z*x + 28 + 287. List the prime factors of x.
3, 5, 7
Let g = -16 + 26. Let j = -6 + g. Suppose x + 2 = 2*f - 7*f, -j*x + 3*f = -15. List the prime factors of x.
3
Let m(s) be the third derivative of 4*s**2 + 0 + 1/12*s**4 + 0*s - 5/6*s**3. List the prime factors of m(17).
29
Let h be 6/42 + 1168/7. Let y = -113 + h. Let o = y + -32. What are the prime factors of o?
2, 11
Let g = 2144 - 778. List the prime factors of g.
2, 683
Let i(v) = -51*v + 2. Let t be i(-1). Suppose 2*w + 3*u + 68 = 0, 2*w + 4*u = -2*w - 128. Let n = t + w. What are the prime factors of n?
5
Let m(d) = -22*d - 68. List the prime factors of m(-7).
2, 43
Suppose -5*q = 16*q - 10605. What are the prime factors of q?
5, 101
Let x(y) = -y**3 + 16*y**2 - 15*y + 3. Suppose -8*v + 4*v + 60 = 0. Let n be x(v). Suppose i - n*i + 30 = 0. What are the prime factors of i?
3, 5
Suppose 4*n = -2 + 22. Suppose -n*r + 58 = 4*j, 4*r - 2*j - 73 = -11. Suppose -30 = -2*z + r. List the prime factors of z.
2, 11
Suppose -24*x - 3*x + 11907 = 0. List the prime factors of x.
3, 7
Let s(z) = 11*z**2 - 30*z - 5. List the prime factors of s(5).
2, 3, 5
Suppose 3*t = 2*n - 16, -33 = 5*t - 3*n - 8. Let u be 110/(-11)*(-13)/t. Let d = -36 - u. List the prime factors of d.
29
Suppose -23 = 4*i - 3*a, -23 = 5*i + 5*a + 32. Let c = -6 - i. List the prime factors of (c*18)/((-9)/(-12)).
2, 3
Suppose 4*y + 29 = -5*b + 1, 5*y - 3*b + 72 = 0. Let k be (1 + 0)*0/y. Suppose k = 9*v - 7*v - 146. What are the prime factors of v?
73
Suppose -6 + 1 = -x. Let g(c) = c**3 - 5*c**2 - c + 2. Let s be g(x). What are the prime factors of 1 + 22 - (-3)/s?
2, 11
Let i(l) = l + 10. Let p be i(-6). What are the prime factors of p/22 - (-482)/11?
2, 11
Suppose 80 = j + 2*u, -6*u + 12 = -2*u. Let l = 168 - j. Suppose -o - o = -l. List the prime factors of o.
47
Let x(p) = -25*p + 11. Let q(l) = -13*l + 5. Let k(c) = -5*q(c) + 3*x(c). Let a be k(-7). Suppose -4*u + 2*u = -a. List the prime factors of u.
3, 13
Let f = -10 - 12. Let k(m) = -m**2 - 22*m + 20. What are the prime factors of k(f)?
2, 5
Let f(y) = -y**2 + 14*y + 3. Let k be f(14). Suppose -k*p = -6*p + 159. What are the prime factors of p?
53
Suppose -4*m = -3*g + g - 16, 1 = -3*m - 5*g. Suppose -748 = -5*p - m*q, 299 = -2*p + 4*p + q. What are the prime factors of p?
149
Let u(y) = -6*y**2 - 3*y**2 - 6*y + y**3 + 8*y**2 - 5*y + 6. What are the prime factors of u(4)?
2, 5
Let m(k) = 4*k**2 + k**2 + k - 4*k**2 - 3*k**3. Let n be m(-1). Suppose -3*t + 48 = n*i, 2*i + 0*t - 35 = t. What are the prime factors of i?
17
Suppose -2*t = 0, 2*n = -3*n - 2*t + 25. Let j be (-8 - -5) + 1*n. Suppose -3*k + j + 22 = 0. What are the prime factors of k?
2
Let t = -23 - -21. What are the prime factors of (-50)/(-6) + t/(-3)?
3
Suppose -5*y + 14765 = -l, 7*l - 5*l = -2*y + 5918. What are the prime factors of y?
2, 7, 211
Let u be (7 - 4) + (-2 - 1 - -2). Let w be (0 - 2)/(4/(-94)). Suppose -w = u*f - 3*f. List the prime factors of f.
47
Let c(u) = u**2 - 1. Let t be c(-1). Suppose -5*p + 9*p = t. What are the prime factors of (2 - 5) + p + 24?
3, 7
Let r be (-2)/(-7) - 111/21. Let x(y) = -y**3 - 5*y**2 + 3*y + 9. Let l be x(r). List the prime factors of -4 + l/2 + 51.
2, 11
Let n = -99 + 140. Let a = 79 + n. What are the prime factors of a?
2, 3, 5
Let u(p) = -40*p - 63. What are the prime factors of u(-17)?
617
Suppose 0 = -5*g + 10 - 20. List the prime factors of g + (188 - (-16)/(-4)).
2, 7, 13
List the prime factors of (-6)/21 + 65087/77.
5, 13
Suppose -117 = -9*g - 36. Let x(l) = 2*l**2 + 26. List the prime factors of x(g).
2, 47
List the prime factors of (-3 + 2106)*7/21 + 2.
19, 37
Suppose -y = -43 - 17. Let h(z) = 4*z. Let d be h(-3). List the prime factors of (-428)/(-10) - d/y.
43
Let r(p) = 8*p**2 + 2*p + 2. Let j be r(-3). Let t = j + 4. What are the prime factors of t?
2, 3
Let c(t) = 89*t**3 + 2 - 90*t**3 + t**2 - 7*t**2. Let i be c(-6). Suppose 0 = -i*l + l + 21. What are the prime factors of l?
3, 7
Suppose -5*w - 2*d = -11022, 17*w + 4*d = 12*w + 11024. What are the prime factors of w?
2, 19, 29
Let t = 9 - -173. What are the prime factors of t?
2, 7, 13
List the prime factors of (149/3)/((-17)/(-153)).
3, 149
Let k(u) = -12*u - 24. Let f be k(-11). Let a = f - 53. Suppose -5*t = -